{"id":3371,"date":"2026-03-18T14:47:56","date_gmt":"2026-03-18T17:47:56","guid":{"rendered":"https:\/\/chumamaya.com\/ventas\/?post_type=product&#038;p=3371"},"modified":"2026-03-19T13:56:27","modified_gmt":"2026-03-19T16:56:27","slug":"rocel","status":"publish","type":"product","link":"https:\/\/chumamaya.com\/ventas\/product\/rocel\/","title":{"rendered":"Rocel"},"content":{"rendered":"<p>Espectacular residencia estilo ingl\u00e9s con important\u00edsima jerarqu\u00eda arquitect\u00f3nica, ingreso imperial con salida a dos calles, recepci\u00f3n de casi 100 m2 en dos alas separadas por amplio hall de recepci\u00f3n, calefacci\u00f3n central por radiadores PEISA, carpinter\u00eda de gran calidad, 3 suites con vestidor m\u00e1s escritorio con ba\u00f1o o 4to dormitorio, gimnasio, ala de huespedes, piscina de grandes dimensiones calefaccionada con gas natural, parque elaborado por paisajista con especies adultas, etc. Amplio dep\u00f3sito con ba\u00f1o de servicio. Posibilidad de comprar con 3 \u00f3 5 terrenos.<\/p>\n<p><strong>A\u00f1o de construcci\u00f3n:\u00a02003<br \/>\nConstructor:\u00a0Arq Ricardo Barrera<br \/>\nMetros de construcci\u00f3n:\u00a0700 m2<br \/>\nLotes:\u00a03 \u00f3 5<br \/>\nSuperficie lote\/s:\u00a02750 \u00f3 4097 m2<br \/>\nDormitorios:\u00a03\/4<br \/>\nDormitorios en suite:\u00a03<br \/>\nBa\u00f1os:\u00a06<br \/>\nPiscina:\u00a0Si<br \/>\nInternet ADSL:\u00a0\u2013<\/strong><\/p>\n<p>APTO CR\u00c9DITO HIPOTECARIO<\/p>\n","protected":false},"excerpt":{"rendered":"<p>Espectacular residencia estilo ingl\u00e9s con important\u00edsima jerarqu\u00eda arquitect\u00f3nica, ingreso imperial con salida a dos calles, recepci\u00f3n de casi 100 m2 en dos alas separadas por amplio hall de recepci\u00f3n, calefacci\u00f3n central por radiadores PEISA, carpinter\u00eda de gran calidad, 3 suites con vestidor m\u00e1s escritorio con ba\u00f1o o 4to dormitorio, gimnasio, ala de huespedes, piscina de &hellip;<\/p>\n","protected":false},"featured_media":3454,"comment_status":"open","ping_status":"closed","template":"","meta":{"_monsterinsights_skip_tracking":false,"_monsterinsights_sitenote_active":false,"_monsterinsights_sitenote_note":"","_monsterinsights_sitenote_category":0},"product_cat":[19],"product_tag":[],"class_list":{"0":"post-3371","1":"product","2":"type-product","3":"status-publish","4":"has-post-thumbnail","6":"product_cat-chalets","7":"has-thumb","9":"first","10":"instock","11":"shipping-taxable","12":"product-type-simple"},"yoast_head":"<!-- This site is optimized with the Yoast SEO plugin v23.4 - https:\/\/yoast.com\/wordpress\/plugins\/seo\/ -->\n<title>Rocel - Venta de Inmuebles<\/title>\n<meta name=\"robots\" content=\"index, follow, max-snippet:-1, max-image-preview:large, max-video-preview:-1\" \/>\n<link rel=\"canonical\" href=\"https:\/\/chumamaya.com\/ventas\/product\/rocel\/\" \/>\n<meta property=\"og:locale\" content=\"es_ES\" \/>\n<meta property=\"og:type\" content=\"article\" \/>\n<meta property=\"og:title\" content=\"Rocel - Venta de Inmuebles\" \/>\n<meta property=\"og:description\" content=\"Espectacular residencia estilo ingl\u00e9s con important\u00edsima jerarqu\u00eda arquitect\u00f3nica, ingreso imperial con salida a dos calles, recepci\u00f3n de casi 100 m2 en dos alas separadas por amplio hall de recepci\u00f3n, calefacci\u00f3n central por radiadores PEISA, carpinter\u00eda de gran calidad, 3 suites con vestidor m\u00e1s escritorio con ba\u00f1o o 4to dormitorio, gimnasio, ala de huespedes, piscina de &hellip;\" \/>\n<meta property=\"og:url\" content=\"https:\/\/chumamaya.com\/ventas\/product\/rocel\/\" \/>\n<meta property=\"og:site_name\" content=\"Venta de Inmuebles\" \/>\n<meta property=\"article:modified_time\" content=\"2026-03-19T16:56:27+00:00\" \/>\n<meta property=\"og:image\" content=\"https:\/\/chumamaya.com\/ventas\/files\/2026\/03\/01-FRENTE-RocelFILEminimizer-1.jpg\" \/>\n\t<meta property=\"og:image:width\" content=\"1152\" \/>\n\t<meta property=\"og:image:height\" content=\"768\" \/>\n\t<meta property=\"og:image:type\" content=\"image\/jpeg\" \/>\n<meta name=\"twitter:card\" content=\"summary_large_image\" \/>\n<meta name=\"twitter:label1\" content=\"Tiempo de lectura\" \/>\n\t<meta name=\"twitter:data1\" content=\"1 minuto\" \/>\n<script type=\"application\/ld+json\" class=\"yoast-schema-graph\">{\"@context\":\"https:\/\/schema.org\",\"@graph\":[{\"@type\":\"WebPage\",\"@id\":\"https:\/\/chumamaya.com\/ventas\/product\/rocel\/\",\"url\":\"https:\/\/chumamaya.com\/ventas\/product\/rocel\/\",\"name\":\"Rocel - Venta de Inmuebles\",\"isPartOf\":{\"@id\":\"https:\/\/chumamaya.com\/ventas\/#website\"},\"primaryImageOfPage\":{\"@id\":\"https:\/\/chumamaya.com\/ventas\/product\/rocel\/#primaryimage\"},\"image\":{\"@id\":\"https:\/\/chumamaya.com\/ventas\/product\/rocel\/#primaryimage\"},\"thumbnailUrl\":\"https:\/\/chumamaya.com\/ventas\/files\/2026\/03\/01-FRENTE-RocelFILEminimizer-1.jpg\",\"datePublished\":\"2026-03-18T17:47:56+00:00\",\"dateModified\":\"2026-03-19T16:56:27+00:00\",\"breadcrumb\":{\"@id\":\"https:\/\/chumamaya.com\/ventas\/product\/rocel\/#breadcrumb\"},\"inLanguage\":\"es-AR\",\"potentialAction\":[{\"@type\":\"ReadAction\",\"target\":[\"https:\/\/chumamaya.com\/ventas\/product\/rocel\/\"]}]},{\"@type\":\"ImageObject\",\"inLanguage\":\"es-AR\",\"@id\":\"https:\/\/chumamaya.com\/ventas\/product\/rocel\/#primaryimage\",\"url\":\"https:\/\/chumamaya.com\/ventas\/files\/2026\/03\/01-FRENTE-RocelFILEminimizer-1.jpg\",\"contentUrl\":\"https:\/\/chumamaya.com\/ventas\/files\/2026\/03\/01-FRENTE-RocelFILEminimizer-1.jpg\",\"width\":1152,\"height\":768},{\"@type\":\"BreadcrumbList\",\"@id\":\"https:\/\/chumamaya.com\/ventas\/product\/rocel\/#breadcrumb\",\"itemListElement\":[{\"@type\":\"ListItem\",\"position\":1,\"name\":\"Inicio\",\"item\":\"https:\/\/chumamaya.com\/ventas\/\"},{\"@type\":\"ListItem\",\"position\":2,\"name\":\"Rocel\"}]},{\"@type\":\"WebSite\",\"@id\":\"https:\/\/chumamaya.com\/ventas\/#website\",\"url\":\"https:\/\/chumamaya.com\/ventas\/\",\"name\":\"Venta de Inmuebles\",\"description\":\"VENTA DE INMUEBLES\",\"potentialAction\":[{\"@type\":\"SearchAction\",\"target\":{\"@type\":\"EntryPoint\",\"urlTemplate\":\"https:\/\/chumamaya.com\/ventas\/?s={search_term_string}\"},\"query-input\":{\"@type\":\"PropertyValueSpecification\",\"valueRequired\":true,\"valueName\":\"search_term_string\"}}],\"inLanguage\":\"es-AR\"}]}<\/script>\n<!-- \/ Yoast SEO plugin. -->","yoast_head_json":{"title":"Rocel - Venta de Inmuebles","robots":{"index":"index","follow":"follow","max-snippet":"max-snippet:-1","max-image-preview":"max-image-preview:large","max-video-preview":"max-video-preview:-1"},"canonical":"https:\/\/chumamaya.com\/ventas\/product\/rocel\/","og_locale":"es_ES","og_type":"article","og_title":"Rocel - Venta de Inmuebles","og_description":"Espectacular residencia estilo ingl\u00e9s con important\u00edsima jerarqu\u00eda arquitect\u00f3nica, ingreso imperial con salida a dos calles, recepci\u00f3n de casi 100 m2 en dos alas separadas por amplio hall de recepci\u00f3n, calefacci\u00f3n central por radiadores PEISA, carpinter\u00eda de gran calidad, 3 suites con vestidor m\u00e1s escritorio con ba\u00f1o o 4to dormitorio, gimnasio, ala de huespedes, piscina de &hellip;","og_url":"https:\/\/chumamaya.com\/ventas\/product\/rocel\/","og_site_name":"Venta de Inmuebles","article_modified_time":"2026-03-19T16:56:27+00:00","og_image":[{"width":1152,"height":768,"url":"https:\/\/chumamaya.com\/ventas\/files\/2026\/03\/01-FRENTE-RocelFILEminimizer-1.jpg","type":"image\/jpeg"}],"twitter_card":"summary_large_image","twitter_misc":{"Tiempo de lectura":"1 minuto"},"schema":{"@context":"https:\/\/schema.org","@graph":[{"@type":"WebPage","@id":"https:\/\/chumamaya.com\/ventas\/product\/rocel\/","url":"https:\/\/chumamaya.com\/ventas\/product\/rocel\/","name":"Rocel - Venta de Inmuebles","isPartOf":{"@id":"https:\/\/chumamaya.com\/ventas\/#website"},"primaryImageOfPage":{"@id":"https:\/\/chumamaya.com\/ventas\/product\/rocel\/#primaryimage"},"image":{"@id":"https:\/\/chumamaya.com\/ventas\/product\/rocel\/#primaryimage"},"thumbnailUrl":"https:\/\/chumamaya.com\/ventas\/files\/2026\/03\/01-FRENTE-RocelFILEminimizer-1.jpg","datePublished":"2026-03-18T17:47:56+00:00","dateModified":"2026-03-19T16:56:27+00:00","breadcrumb":{"@id":"https:\/\/chumamaya.com\/ventas\/product\/rocel\/#breadcrumb"},"inLanguage":"es-AR","potentialAction":[{"@type":"ReadAction","target":["https:\/\/chumamaya.com\/ventas\/product\/rocel\/"]}]},{"@type":"ImageObject","inLanguage":"es-AR","@id":"https:\/\/chumamaya.com\/ventas\/product\/rocel\/#primaryimage","url":"https:\/\/chumamaya.com\/ventas\/files\/2026\/03\/01-FRENTE-RocelFILEminimizer-1.jpg","contentUrl":"https:\/\/chumamaya.com\/ventas\/files\/2026\/03\/01-FRENTE-RocelFILEminimizer-1.jpg","width":1152,"height":768},{"@type":"BreadcrumbList","@id":"https:\/\/chumamaya.com\/ventas\/product\/rocel\/#breadcrumb","itemListElement":[{"@type":"ListItem","position":1,"name":"Inicio","item":"https:\/\/chumamaya.com\/ventas\/"},{"@type":"ListItem","position":2,"name":"Rocel"}]},{"@type":"WebSite","@id":"https:\/\/chumamaya.com\/ventas\/#website","url":"https:\/\/chumamaya.com\/ventas\/","name":"Venta de Inmuebles","description":"VENTA DE INMUEBLES","potentialAction":[{"@type":"SearchAction","target":{"@type":"EntryPoint","urlTemplate":"https:\/\/chumamaya.com\/ventas\/?s={search_term_string}"},"query-input":{"@type":"PropertyValueSpecification","valueRequired":true,"valueName":"search_term_string"}}],"inLanguage":"es-AR"}]}},"_links":{"self":[{"href":"https:\/\/chumamaya.com\/ventas\/wp-json\/wp\/v2\/product\/3371"}],"collection":[{"href":"https:\/\/chumamaya.com\/ventas\/wp-json\/wp\/v2\/product"}],"about":[{"href":"https:\/\/chumamaya.com\/ventas\/wp-json\/wp\/v2\/types\/product"}],"replies":[{"embeddable":true,"href":"https:\/\/chumamaya.com\/ventas\/wp-json\/wp\/v2\/comments?post=3371"}],"wp:featuredmedia":[{"embeddable":true,"href":"https:\/\/chumamaya.com\/ventas\/wp-json\/wp\/v2\/media\/3454"}],"wp:attachment":[{"href":"https:\/\/chumamaya.com\/ventas\/wp-json\/wp\/v2\/media?parent=3371"}],"wp:term":[{"taxonomy":"product_cat","embeddable":true,"href":"https:\/\/chumamaya.com\/ventas\/wp-json\/wp\/v2\/product_cat?post=3371"},{"taxonomy":"product_tag","embeddable":true,"href":"https:\/\/chumamaya.com\/ventas\/wp-json\/wp\/v2\/product_tag?post=3371"}],"curies":[{"name":"wp","href":"https:\/\/api.w.org\/{rel}","templated":true}]}}